v) be the third derivative of -v**6/40 + 5*v**4/24 + v**3 - 12*v**2. Let d(w) = 8*w**3 - 14*w - 17. Let x(t) = -4*d(t) - 11*z(t). Determine x(2).
12
Let s(c) = c**2 + 3. Let w = -2293 + 2300. Give s(w).
52
Let d(v) = -3 + 2 - 6*v + 16*v - v**2 + 2. Calculate d(7).
22
Let k be (-2)/(-5 + 1) + (-1)/2. Let a(m) = -244 + 124 + m**2 + 117 + m. Give a(k).
-3
Let w = -21 + 23. Let b(j) = -2*j**w + j**3 + 0*j**2 - 2*j + 9*j**2 - 1 - 3*j**2. Let r be (-34)/9 + 14/(-63). Give b(r).
7
Let l(x) = -x**3 - 3*x**2 + 6*x + 7. Let f be (175/15 + -9)/(4/(-6)). What is l(f)?
-1
Let d = -1 + 1. Suppose h = -d*k + 2*k, -k - 2*h = -10. Let u(y) be the third derivative of -y**6/60 + y**4/8 - y**3/3 + y**2. Calculate u(k).
-12
Let h(y) be the first derivative of -y**3/3 + 7*y**2/2 + 8*y - 186. Let c = -11 + 19. What is h(c)?
0
Suppose 0 = 4*m - 32. Let x(t) = 7*t**2 - 4*t**3 + 3 - t**3 + 4*t**3 + 7*t. Determine x(m).
-5
Let t(a) = -14*a + 8*a + 5*a + 2. What is t(3)?
-1
Let x(j) = -j**2 - 17*j - 52. Let i be x(-13). Let y(k) = 2*k + 8 - 4*k + 8*k - k**2 + i*k. Calculate y(7).
1
Let i be 580/160 - 6/(-16). Let y(t) = -109*t**3 + 213*t**3 - t - 103*t**3 - 4*t**2 - 5. What is y(i)?
-9
Suppose 0 = -4*b - 0*b + 3*i + 136, 4*i = -4*b + 136. Suppose 2*d = -5*h + 10 - 2, h - b = 5*d. Let w(a) = -3*a - 4. Calculate w(d).
14
Let r(p) = 59*p**3 + 5*p**2 + 7*p - 2. Let t(u) = -29*u**3 - 2*u**2 - 3*u + 1. Let h(c) = 2*r(c) + 5*t(c). What is h(1)?
-27
Let w(p) = -p - 7. Let l be 2*(-6 - -1) + 5. What is w(l)?
-2
Let w(x) be the first derivative of -x**2/2 - 3*x - 9. Let a = 2 + -5. Determine w(a).
0
Let o(q) = q**3 + 10*q**2 + 7*q - 3. Let u be 29*(-1)/3 - (-4)/6. Determine o(u).
15
Let i be 4 - (144/(-68) - (-2)/17). Let o(k) = k**2 - 8*k + 15. What is o(i)?
3
Let p(v) = -v**2 - 7*v + 4. Let w be p(-7). Let g(b) be the second derivative of b**2 + 0 - 1/6*b**3 + 6*b. Determine g(w).
-2
Let c(m) = -8*m**2 + 11*m**2 + m**3 - m - m**2. Calculate c(-2).
2
Let q(s) be the third derivative of s**5/60 + s**4/12 - s**3/2 - 94*s**2. What is q(3)?
12
Let y(q) be the second derivative of -2*q**3/3 - q**2/2 - q. Suppose o - 4 = 3*o. Give y(o).
7
Suppose -16 = -7*p - 2. Let f(n) = -7*n + 6*n**p + 3*n**3 - 8*n**3 + 3 + 7*n**3 - n**3. What is f(-7)?
3
Let d(j) = -20*j + 119. Let t(u) = -13*u + 79. Let v(y) = 5*d(y) - 8*t(y). Let a be v(7). Let k(r) = r + 3. Give k(a).
-6
Let t(o) = -818*o + 2442*o - 816*o - 20 - 811*o. Calculate t(-6).
-2
Let v(h) be the first derivative of 6*h - 1/2*h**2 + 15. Calculate v(4).
2
Let g be -1*(-6)/(-4)*-6. Suppose 0 = -3*v - 3*a - 3, 1 = -v - 4*a - g. Suppose -3 = -t - v*t. Let n(s) = 5*s + 1. Give n(t).
6
Let b(i) = 5 + 0*i - 7*i + 5 - 4 - 1. Calculate b(11).
-72
Let b be 2 + 0*(-3)/6. Let n(d) = -d - 2. Let f(o) = -o**2 - 3*o + 2. Let q be f(-3). Let h(g) = 3*g + 5. Let j(i) = q*h(i) + 5*n(i). Determine j(b).
2
Let o(v) = -3*v**3 - v**2 + v - 1. Let x(u) = -7*u + 6. Let h be x(6). Let f be (h/8)/((-1)/(-2)). Let c = f - -10. Give o(c).
-4
Let j(t) = t**2 + 3*t - 4. Suppose 9 = 3*u - 6*u. Calculate j(u).
-4
Let p(s) = 4*s**2 - 4*s + 7. Let m(l) = 3*l**2 - 4*l + 6. Let b(q) = 3*m(q) - 2*p(q). Let i = -52 + 57. Suppose 0 = -v - 0*v + i. What is b(v)?
9
Suppose -3*s + 9 = -3*b, -5*s - 13 = b + 2. Let t be (-21*4/6)/(s/1). Let m(d) = -d**3 + 6*d**2 + 10*d - 10. Give m(t).
11
Let l = -4 - -6. Suppose -s + 5*k - 1 - 7 = 0, -4*s + 10 = k. Let j(c) = 5 + 6*c**s + 4*c - c**3 + 5*c**l - 7*c**2. Calculate j(5).
0
Let i(t) = -7*t**2 + 9 - 7*t + 18*t**2 - 12*t**2. Let f be -5*10/25*4. Determine i(f).
1
Let f be -1*(-7 + 22 + -6). Let c(d) = -2*d. Give c(f).
18
Let m(y) = 2*y + 4. Let i(a) = -a - 2. Let j(p) = -5*i(p) - 4*m(p). Suppose 9 = -2*w - 1. Let q(o) = o - 1. Let d be q(w). Determine j(d).
12
Let u be ((-2 - 2)/4)/(6 - 7). Let k(b) = -8*b. Calculate k(u).
-8
Let t(c) be the third derivative of -c**6/120 - 3*c**5/20 - c**4/12 + 2*c**2 - 54. Determine t(-9).
18
Let v(s) be the first derivative of -6*s**2 + 5*s + 25. Let f(k) = -24*k + 11. Let m(j) = 6*f(j) - 13*v(j). Calculate m(-2).
-23
Suppose 5*x = 3*x + 6. Let m(k) = 2*k**x - 10 + k**2 + 2*k - 3*k - 3*k**3. Suppose -2*q + 98 = -3*j + 102, 5*q + 10 = -j. Calculate m(j).
-10
Let p(r) = 3*r**2 - r. Suppose -2*u = j, 0*j - 4*j + 2*u - 40 = 0. Let l be (-3 + 2)*(-8)/j. What is p(l)?
4
Let y(x) = -x**3 - 13*x**2 - 14*x - 10. Suppose 0 = n + 3*h + 21, 2*h + 42 = 4*n - 7*n. Calculate y(n).
14
Let p(a) = a + 274 - 139 - 138. Give p(5).
2
Let m be -2 + 70/25 + (-27)/15. Let o(u) = -28*u**3 - 6*u. Let j(w) = 28*w**3 + 7*w. Let d(t) = 5*j(t) + 6*o(t). Give d(m).
29
Let g(h) be the first derivative of 1/3*h**3 - 5 + h + 2*h**2. Give g(-4).
1
Let v = 6 - -2. Let x(z) = v*z**2 - 4 - z**3 - 7*z + 4 - 9. Let u = -70 - -77. Give x(u).
-9
Let b(o) be the first derivative of o**2/2 - 7*o + 293. Suppose 2*q = 3 + 11. Determine b(q).
0
Suppose -8*t + 6*t + 4 = 0. Let s(f) = -14*f**t - 12*f**2 - 2*f - 2 - 2*f + 24*f**2. Determine s(-2).
-2
Let u(z) = z**3 + 6*z**2 - z - 2. Suppose 4*d + 3*t - 29 = 0, -6 = -3*d - 2*t + 5*t. Let q = d + -2. Suppose 0 = -q*l - 6 - 12. Give u(l).
4
Let m = 1 - 3. Let p(x) = -x**2 + 1. Let o be p(m). Let g(h) = -3*h**2 - 2*h**3 - 5*h**3 - 4 + 6*h**3. What is g(o)?
-4
Let c be (-2)/8 - 17/(-4). Suppose 0*z - z - 3*x = 0, -c*z = 5*x. Let a(h) = 1 - 163*h**2 + 2*h**3 + 72*h**2 - 3*h**3 - h + 90*h**2. What is a(z)?
1
Let n(c) be the first derivative of -5*c**3/3 + c**2/2 + c - 80. Give n(-1).
-5
Let x(q) = -17 + 7*q + 1 - 3*q**2 + 2*q**2 + 6. Give x(6).
-4
Suppose 2 + 6 = 3*h - 2*a, -5*h = -4*a - 12. Let r(d) = -d + 8. Let l(n) = -1. Let t(z) = 5*l(z) + r(z). Give t(h).
-1
Let h(y) be the third derivative of -1/24*y**4 + y**3 + 0*y + 0 + 1/60*y**5 + 25*y**2 - 1/120*y**6. Calculate h(0).
6
Let r = -1 + 4. Let o(g) = -g**3 + 8*g**2 - 6*g + 8. Let d(p) = -p**3 + 9*p**2 - 7*p + 9. Let t(c) = 5*d(c) - 6*o(c). What is t(r)?
0
Let w(i) be the first derivative of 1/3*i**3 + 1 + 9/2*i**2 + 4*i. Give w(-7).
-10
Let w be 6/4*(5 - 1). Let f(n) = 7*n**3 - 13*n**2 + 10*n + 2. Let x(o) = -6*o**3 + 12*o**2 - 9*o - 2. Let v(s) = -5*f(s) - 6*x(s). What is v(w)?
-10
Suppose -18*a + 5*a - 143 = 0. Let u(p) = 15 + 30*p**2 + 22*p**2 + p**3 - 41*p**2 + p. What is u(a)?
4
Let t = -10 + 7. Let k be (16*t)/(-4) - 1. Let i = -13 + k. Let q(p) = 2*p**3 + 2*p**2 - 2*p - 3. Determine q(i).
-7
Let s = -2 - -7. Let z(v) = 6*v**3 + 6*v - 9. Let l(k) = k**2 - 5*k**3 + 5*k - 10*k + 4 + 4. Let r(j) = 5*l(j) + 4*z(j). Determine r(s).
-1
Let n(f) be the third derivative of 0*f - 1/2*f**3 + 0 + 4*f**2 - 1/24*f**4. Determine n(-4).
1
Let f = 2 + 5. Let n(m) be the first derivative of m**4/4 - 8*m**3/3 + 7*m**2/2 + 7*m + 19. Determine n(f).
7
Suppose -9*r = -8*r - 3. Let m(f) = -f - 10. Let u(j) = 2*j + 21. Let s(p) = r*u(p) + 7*m(p). Give s(-7).
0
Suppose -26*g - 11 = -37. Let k(r) = -2*r - 2. Calculate k(g).
-4
Let n(o) be the first derivative of 2*o**3/3 - 2*o**2 + o + 105. What is n(3)?
7
Let q(b) = -b**3 - b**2 - 1. Let d(w) = 2*w**2 - 7*w - 10. Let s be d(8). Let u = -62 + s. Calculate q(u).
-1
Let f(u) = -10*u + 46 - u - 54. Let r be f(0). Let p(c) = 2*c + 9. Give p(r).
-7
Suppose 4*y - 24 = 4*v, -4*y = 2*v + 3*v + 3. Suppose -4*m = -0*w + 4*w - 40, -4*m = y*w - 38. Let a(r) = r**3 - 7*r**2 - 9*r + 2. Calculate a(m).
-6
Let p(v) be the third derivative of v**6/120 + v**5/60 - 5*v**4/24 - v**3/3 - 60*v**2. Calculate p(-3).
-5
Let t(d) = 2*d**3 - 10*d**2 + 1. Let l = 856 + -851. Give t(l).
1
Let b(h) = -h**2 + 2*h + 1. Let j(x) = 5*x**2 - 11*x - 6. Let d(k) = -11*b(k) - 2*j(k). Give d(-4).
17
Let l(q) = -q**2 - 8*q + 107. Let f be l(7). Let d be ((-12)/(-10))/((-1)/(-5)). Let k(n) = f*n**2 + 2*n + 0 - d - n**2 + 1. Give k(-4).
3
Let l(g) = g - 8. Suppose -2*j - 103 = -101. Let s(f) = 1. Let c(p) = j*l(p) - 6*s(p). What is c(8)?
-6
Suppose 40 = r - 4*s, 0*r - 3*s = r - 47. Let b(g) = -44 - g**3 + r - 4*g**2 - 2*g. What is b(-3)?
-3
Let u = 212 - 212. Let s(f) be the second derivative of -5/6*f**4 - 1/2*f**2 - 4*f + u - 1/3*f**3. What is s(-1)?
-9
Let s be 4/(-34) + 252/119. Let y be (-33)/(-7) - 6/(-21). Let t(f) = -y + s*f + 4*f + 7 - 4*f. Give t(-4).
-6
Let d = -57 - -72. Suppose 0 = 3*i + x - 15, -3*x = -4*i + i + d. Let k(f) = -6 - 2*f - f - 